{"id":9606,"date":"2024-08-27T19:47:35","date_gmt":"2024-08-27T17:47:35","guid":{"rendered":"https:\/\/pacolab-dz.com\/?post_type=product&#038;p=9606"},"modified":"2024-08-27T19:54:14","modified_gmt":"2024-08-27T17:54:14","slug":"coverture-nafnafjaztexbabysweetmadmod","status":"publish","type":"product","link":"https:\/\/pacolab-dz.com\/?product=coverture-nafnafjaztexbabysweetmadmod","title":{"rendered":"COVERTURE (NAFNAF+JAZTEX+BABYSWEET+MADMOD)"},"content":{"rendered":"<p><strong>NafNaf<\/strong> :<br \/>\u00ab\u00a0Enveloppez votre b\u00e9b\u00e9 dans la douceur de la couverture NafNaf. Fabriqu\u00e9e avec des mat\u00e9riaux de haute qualit\u00e9, elle assure chaleur et confort tout en ajoutant une touche de style \u00e0 la chambre de votre enfant. Disponible en plusieurs couleurs, cette couverture est parfaite pour les moments de c\u00e2lin et les nuits paisibles.\u00a0\u00bb<br \/><strong>Jaztex<\/strong> :<br \/>\u00ab\u00a0La couverture Jaztex allie \u00e9l\u00e9gance et fonctionnalit\u00e9. Con\u00e7ue pour offrir une chaleur enveloppante, elle est id\u00e9ale pour garder votre b\u00e9b\u00e9 au chaud durant les nuits fra\u00eeches. Avec ses motifs d\u00e9licats et sa texture douce, cette couverture est un incontournable pour les parents soucieux du confort de leur enfant.\u00a0\u00bb<br \/><strong>BabySweet<\/strong> :<br \/>\u00ab\u00a0Pour des moments de tendresse inoubliables, choisissez la couverture BabySweet. Ultra douce et moelleuse, elle est parfaite pour prot\u00e9ger votre b\u00e9b\u00e9 du froid tout en offrant un cocon de douceur. Disponible en diff\u00e9rentes teintes apaisantes, elle est id\u00e9ale pour toutes les saisons.\u00a0\u00bb<br \/><strong>MadMod<\/strong> :<br \/>\u00ab\u00a0Apportez une touche moderne au confort de votre b\u00e9b\u00e9 avec la couverture MadMod. Con\u00e7ue pour offrir une chaleur optimale, elle se distingue par son design contemporain et ses couleurs vibrantes. Parfaite pour les sorties ou pour un usage quotidien \u00e0 la maison, elle assure \u00e0 votre enfant un confort in\u00e9gal\u00e9.\u00a0\u00bb<\/p>\n","protected":false},"excerpt":{"rendered":"<p>NafNaf :\u00ab\u00a0Enveloppez votre b\u00e9b\u00e9 dans la douceur de la couverture NafNaf. Fabriqu\u00e9e avec des mat\u00e9riaux de haute qualit\u00e9, elle assure chaleur et confort tout en ajoutant une touche de style \u00e0 la chambre de votre enfant. Disponible en plusieurs couleurs, cette couverture est parfaite pour les moments de c\u00e2lin et les nuits paisibles.\u00a0\u00bbJaztex :\u00ab\u00a0La couverture &hellip; <\/p>\n<p class=\"more-link-wrap\"><a href=\"https:\/\/pacolab-dz.com\/?product=coverture-nafnafjaztexbabysweetmadmod\" class=\"more-link\"><i class=\"opal-icon-plus\" aria-hidden=\"true\"><\/i><span>Read More<span class=\"screen-reader-text\"> \u00ab\u00a0COVERTURE (NAFNAF+JAZTEX+BABYSWEET+MADMOD)\u00a0\u00bb<\/span><\/span><\/a><\/p>\n","protected":false},"featured_media":9607,"comment_status":"open","ping_status":"closed","template":"","meta":{"om_disable_all_campaigns":false,"_monsterinsights_skip_tracking":false,"_monsterinsights_sitenote_active":false,"_monsterinsights_sitenote_note":"","_monsterinsights_sitenote_category":0,"_uf_show_specific_survey":0,"_uf_disable_surveys":false},"product_cat":[101],"product_tag":[],"class_list":{"0":"post-9606","1":"product","2":"type-product","3":"status-publish","4":"has-post-thumbnail","6":"product_cat-article-bebe","8":"first","9":"instock","10":"shipping-taxable","11":"product-type-simple"},"_links":{"self":[{"href":"https:\/\/pacolab-dz.com\/index.php?rest_route=\/wp\/v2\/product\/9606","targetHints":{"allow":["GET"]}}],"collection":[{"href":"https:\/\/pacolab-dz.com\/index.php?rest_route=\/wp\/v2\/product"}],"about":[{"href":"https:\/\/pacolab-dz.com\/index.php?rest_route=\/wp\/v2\/types\/product"}],"replies":[{"embeddable":true,"href":"https:\/\/pacolab-dz.com\/index.php?rest_route=%2Fwp%2Fv2%2Fcomments&post=9606"}],"version-history":[{"count":0,"href":"https:\/\/pacolab-dz.com\/index.php?rest_route=\/wp\/v2\/product\/9606\/revisions"}],"wp:featuredmedia":[{"embeddable":true,"href":"https:\/\/pacolab-dz.com\/index.php?rest_route=\/wp\/v2\/media\/9607"}],"wp:attachment":[{"href":"https:\/\/pacolab-dz.com\/index.php?rest_route=%2Fwp%2Fv2%2Fmedia&parent=9606"}],"wp:term":[{"taxonomy":"product_cat","embeddable":true,"href":"https:\/\/pacolab-dz.com\/index.php?rest_route=%2Fwp%2Fv2%2Fproduct_cat&post=9606"},{"taxonomy":"product_tag","embeddable":true,"href":"https:\/\/pacolab-dz.com\/index.php?rest_route=%2Fwp%2Fv2%2Fproduct_tag&post=9606"}],"curies":[{"name":"wp","href":"https:\/\/api.w.org\/{rel}","templated":true}]}}