{"id":9599,"date":"2024-08-27T19:43:28","date_gmt":"2024-08-27T17:43:28","guid":{"rendered":"https:\/\/pacolab-dz.com\/?post_type=product&#038;p=9599"},"modified":"2024-08-27T19:46:55","modified_gmt":"2024-08-27T17:46:55","slug":"chaussures-fillette-et-garcon","status":"publish","type":"product","link":"https:\/\/pacolab-dz.com\/?product=chaussures-fillette-et-garcon","title":{"rendered":"CHAUSSURES FILLETTE ET GARCON"},"content":{"rendered":"","protected":false},"excerpt":{"rendered":"<p>Offrez \u00e0 votre enfant le meilleur confort avec ces chaussures polyvalentes, parfaites pour les filles et les gar\u00e7ons. Con\u00e7ues pour allier style et fonctionnalit\u00e9, elles offrent un excellent soutien et sont id\u00e9ales pour toutes les aventures quotidiennes. Disponibles en plusieurs tailles et couleurs, ces chaussures s&rsquo;adaptent \u00e0 toutes les occasions, que ce soit pour l&rsquo;\u00e9cole, les sorties ou les moments de jeu<\/p>\n","protected":false},"featured_media":9600,"comment_status":"open","ping_status":"closed","template":"","meta":{"om_disable_all_campaigns":false,"_monsterinsights_skip_tracking":false,"_monsterinsights_sitenote_active":false,"_monsterinsights_sitenote_note":"","_monsterinsights_sitenote_category":0,"_uf_show_specific_survey":0,"_uf_disable_surveys":false},"product_cat":[101,98],"product_tag":[],"class_list":{"0":"post-9599","1":"product","2":"type-product","3":"status-publish","4":"has-post-thumbnail","6":"product_cat-article-bebe","7":"product_cat-enfants","9":"first","10":"instock","11":"shipping-taxable","12":"product-type-simple"},"_links":{"self":[{"href":"https:\/\/pacolab-dz.com\/index.php?rest_route=\/wp\/v2\/product\/9599","targetHints":{"allow":["GET"]}}],"collection":[{"href":"https:\/\/pacolab-dz.com\/index.php?rest_route=\/wp\/v2\/product"}],"about":[{"href":"https:\/\/pacolab-dz.com\/index.php?rest_route=\/wp\/v2\/types\/product"}],"replies":[{"embeddable":true,"href":"https:\/\/pacolab-dz.com\/index.php?rest_route=%2Fwp%2Fv2%2Fcomments&post=9599"}],"version-history":[{"count":0,"href":"https:\/\/pacolab-dz.com\/index.php?rest_route=\/wp\/v2\/product\/9599\/revisions"}],"wp:featuredmedia":[{"embeddable":true,"href":"https:\/\/pacolab-dz.com\/index.php?rest_route=\/wp\/v2\/media\/9600"}],"wp:attachment":[{"href":"https:\/\/pacolab-dz.com\/index.php?rest_route=%2Fwp%2Fv2%2Fmedia&parent=9599"}],"wp:term":[{"taxonomy":"product_cat","embeddable":true,"href":"https:\/\/pacolab-dz.com\/index.php?rest_route=%2Fwp%2Fv2%2Fproduct_cat&post=9599"},{"taxonomy":"product_tag","embeddable":true,"href":"https:\/\/pacolab-dz.com\/index.php?rest_route=%2Fwp%2Fv2%2Fproduct_tag&post=9599"}],"curies":[{"name":"wp","href":"https:\/\/api.w.org\/{rel}","templated":true}]}}