{"id":9579,"date":"2024-08-27T19:38:09","date_gmt":"2024-08-27T17:38:09","guid":{"rendered":"https:\/\/pacolab-dz.com\/?post_type=product&#038;p=9579"},"modified":"2024-08-27T19:42:43","modified_gmt":"2024-08-27T17:42:43","slug":"sandales-fillette-et-garcon-differents-coleurs","status":"publish","type":"product","link":"https:\/\/pacolab-dz.com\/?product=sandales-fillette-et-garcon-differents-coleurs","title":{"rendered":"SANDALES FILLETTE ET GARCON DIFFERENTS COLEURS"},"content":{"rendered":"","protected":false},"excerpt":{"rendered":"<p>Pr\u00e9parez votre enfant pour l&rsquo;\u00e9t\u00e9 avec ces sandales confortables et styl\u00e9es, parfaites pour les filles et les gar\u00e7ons. Con\u00e7ues pour offrir un excellent maintien et une grande durabilit\u00e9, elles sont disponibles en plusieurs couleurs vives pour s&rsquo;adapter \u00e0 toutes les tenues. Que ce soit pour jouer au parc ou pour une sortie en famille, ces sandales sont l&rsquo;accessoire id\u00e9al pour garder les pieds de votre enfant frais et prot\u00e9g\u00e9s<\/p>\n","protected":false},"featured_media":9580,"comment_status":"open","ping_status":"closed","template":"","meta":{"om_disable_all_campaigns":false,"_monsterinsights_skip_tracking":false,"_monsterinsights_sitenote_active":false,"_monsterinsights_sitenote_note":"","_monsterinsights_sitenote_category":0,"_uf_show_specific_survey":0,"_uf_disable_surveys":false},"product_cat":[101,98],"product_tag":[],"class_list":{"0":"post-9579","1":"product","2":"type-product","3":"status-publish","4":"has-post-thumbnail","6":"product_cat-article-bebe","7":"product_cat-enfants","9":"first","10":"instock","11":"shipping-taxable","12":"product-type-simple"},"_links":{"self":[{"href":"https:\/\/pacolab-dz.com\/index.php?rest_route=\/wp\/v2\/product\/9579","targetHints":{"allow":["GET"]}}],"collection":[{"href":"https:\/\/pacolab-dz.com\/index.php?rest_route=\/wp\/v2\/product"}],"about":[{"href":"https:\/\/pacolab-dz.com\/index.php?rest_route=\/wp\/v2\/types\/product"}],"replies":[{"embeddable":true,"href":"https:\/\/pacolab-dz.com\/index.php?rest_route=%2Fwp%2Fv2%2Fcomments&post=9579"}],"version-history":[{"count":0,"href":"https:\/\/pacolab-dz.com\/index.php?rest_route=\/wp\/v2\/product\/9579\/revisions"}],"wp:featuredmedia":[{"embeddable":true,"href":"https:\/\/pacolab-dz.com\/index.php?rest_route=\/wp\/v2\/media\/9580"}],"wp:attachment":[{"href":"https:\/\/pacolab-dz.com\/index.php?rest_route=%2Fwp%2Fv2%2Fmedia&parent=9579"}],"wp:term":[{"taxonomy":"product_cat","embeddable":true,"href":"https:\/\/pacolab-dz.com\/index.php?rest_route=%2Fwp%2Fv2%2Fproduct_cat&post=9579"},{"taxonomy":"product_tag","embeddable":true,"href":"https:\/\/pacolab-dz.com\/index.php?rest_route=%2Fwp%2Fv2%2Fproduct_tag&post=9579"}],"curies":[{"name":"wp","href":"https:\/\/api.w.org\/{rel}","templated":true}]}}