{"id":9358,"date":"2024-08-24T12:16:10","date_gmt":"2024-08-24T10:16:10","guid":{"rendered":"https:\/\/pacolab-dz.com\/?post_type=product&#038;p=9358"},"modified":"2024-08-25T17:45:35","modified_gmt":"2024-08-25T15:45:35","slug":"mustela-savon-surgras-au-cold-creme-peau-seche-100g","status":"publish","type":"product","link":"https:\/\/pacolab-dz.com\/?product=mustela-savon-surgras-au-cold-creme-peau-seche-100g","title":{"rendered":"Mustela Savon surgras au cold cr\u00e8me peau s\u00e8che 100g"},"content":{"rendered":"","protected":false},"excerpt":{"rendered":"<p>Mustela Savon Surgras au Cold Cream 100g:<br \/>Un savon nourrissant sp\u00e9cialement con\u00e7u pour les peaux s\u00e8ches des b\u00e9b\u00e9s et enfants. Il nettoie en douceur tout en hydratant la peau fragile, la laissant douce et prot\u00e9g\u00e9e.<\/p>\n","protected":false},"featured_media":9360,"comment_status":"open","ping_status":"closed","template":"","meta":{"om_disable_all_campaigns":false,"_monsterinsights_skip_tracking":false,"_monsterinsights_sitenote_active":false,"_monsterinsights_sitenote_note":"","_monsterinsights_sitenote_category":0,"_uf_show_specific_survey":0,"_uf_disable_surveys":false},"product_cat":[104],"product_tag":[],"class_list":{"0":"post-9358","1":"product","2":"type-product","3":"status-publish","4":"has-post-thumbnail","6":"product_cat-cosmetique-bebe","8":"first","9":"instock","10":"shipping-taxable","11":"product-type-simple"},"_links":{"self":[{"href":"https:\/\/pacolab-dz.com\/index.php?rest_route=\/wp\/v2\/product\/9358","targetHints":{"allow":["GET"]}}],"collection":[{"href":"https:\/\/pacolab-dz.com\/index.php?rest_route=\/wp\/v2\/product"}],"about":[{"href":"https:\/\/pacolab-dz.com\/index.php?rest_route=\/wp\/v2\/types\/product"}],"replies":[{"embeddable":true,"href":"https:\/\/pacolab-dz.com\/index.php?rest_route=%2Fwp%2Fv2%2Fcomments&post=9358"}],"version-history":[{"count":0,"href":"https:\/\/pacolab-dz.com\/index.php?rest_route=\/wp\/v2\/product\/9358\/revisions"}],"wp:featuredmedia":[{"embeddable":true,"href":"https:\/\/pacolab-dz.com\/index.php?rest_route=\/wp\/v2\/media\/9360"}],"wp:attachment":[{"href":"https:\/\/pacolab-dz.com\/index.php?rest_route=%2Fwp%2Fv2%2Fmedia&parent=9358"}],"wp:term":[{"taxonomy":"product_cat","embeddable":true,"href":"https:\/\/pacolab-dz.com\/index.php?rest_route=%2Fwp%2Fv2%2Fproduct_cat&post=9358"},{"taxonomy":"product_tag","embeddable":true,"href":"https:\/\/pacolab-dz.com\/index.php?rest_route=%2Fwp%2Fv2%2Fproduct_tag&post=9358"}],"curies":[{"name":"wp","href":"https:\/\/api.w.org\/{rel}","templated":true}]}}