{"id":9118,"date":"2024-07-28T02:54:33","date_gmt":"2024-07-28T00:54:33","guid":{"rendered":"http:\/\/localhost\/PACOLAB\/?post_type=product&#038;p=9118"},"modified":"2024-08-02T03:56:14","modified_gmt":"2024-08-02T01:56:14","slug":"oreiller-bebe-ergonomique-cotton-ninnos","status":"publish","type":"product","link":"https:\/\/pacolab-dz.com\/?product=oreiller-bebe-ergonomique-cotton-ninnos","title":{"rendered":"OREILLER B\u00c9B\u00c9 SIMPLE NINNOS"},"content":{"rendered":"","protected":false},"excerpt":{"rendered":"<p>OREILLER B\u00c9B\u00c9 ERGONOMIQUE COTTON NINNOS<br \/>Disponible en 06 Colorie<br \/>Bleu<br \/>Beige <br \/>Blanc <br \/>Rose <br \/>Rose claire <br \/>Gris<\/p>\n","protected":false},"featured_media":8356,"comment_status":"open","ping_status":"closed","template":"","meta":{"om_disable_all_campaigns":false,"_monsterinsights_skip_tracking":false,"_monsterinsights_sitenote_active":false,"_monsterinsights_sitenote_note":"","_monsterinsights_sitenote_category":0,"_uf_show_specific_survey":0,"_uf_disable_surveys":false},"product_cat":[72,100],"product_tag":[],"class_list":{"0":"post-9118","1":"product","2":"type-product","3":"status-publish","4":"has-post-thumbnail","6":"product_cat-mom-baby","7":"product_cat-puericultures","9":"first","10":"instock","11":"shipping-taxable","12":"product-type-simple"},"_links":{"self":[{"href":"https:\/\/pacolab-dz.com\/index.php?rest_route=\/wp\/v2\/product\/9118","targetHints":{"allow":["GET"]}}],"collection":[{"href":"https:\/\/pacolab-dz.com\/index.php?rest_route=\/wp\/v2\/product"}],"about":[{"href":"https:\/\/pacolab-dz.com\/index.php?rest_route=\/wp\/v2\/types\/product"}],"replies":[{"embeddable":true,"href":"https:\/\/pacolab-dz.com\/index.php?rest_route=%2Fwp%2Fv2%2Fcomments&post=9118"}],"version-history":[{"count":0,"href":"https:\/\/pacolab-dz.com\/index.php?rest_route=\/wp\/v2\/product\/9118\/revisions"}],"wp:featuredmedia":[{"embeddable":true,"href":"https:\/\/pacolab-dz.com\/index.php?rest_route=\/wp\/v2\/media\/8356"}],"wp:attachment":[{"href":"https:\/\/pacolab-dz.com\/index.php?rest_route=%2Fwp%2Fv2%2Fmedia&parent=9118"}],"wp:term":[{"taxonomy":"product_cat","embeddable":true,"href":"https:\/\/pacolab-dz.com\/index.php?rest_route=%2Fwp%2Fv2%2Fproduct_cat&post=9118"},{"taxonomy":"product_tag","embeddable":true,"href":"https:\/\/pacolab-dz.com\/index.php?rest_route=%2Fwp%2Fv2%2Fproduct_tag&post=9118"}],"curies":[{"name":"wp","href":"https:\/\/api.w.org\/{rel}","templated":true}]}}