{"id":8404,"date":"2024-06-11T02:14:32","date_gmt":"2024-06-11T00:14:32","guid":{"rendered":"http:\/\/localhost\/PACOLAB\/?post_type=product&#038;p=8404"},"modified":"2024-07-29T20:40:20","modified_gmt":"2024-07-29T18:40:20","slug":"cotons-bebe","status":"publish","type":"product","link":"https:\/\/pacolab-dz.com\/?product=cotons-bebe","title":{"rendered":"COTTON MAXI CARRE B\u00c9B\u00c9 ET MAMAN NINNOS"},"content":{"rendered":"","protected":false},"excerpt":{"rendered":"<p>COTTON MAXI CARRE B\u00c9B\u00c9 ET MAMAN 60PCS NINNOS<br \/>\u0645\u0631\u0628\u0639\u0627\u062a \u0642\u0637\u0646 \u0645\u0627\u0643\u0633\u064a <br \/>\u0644\u0644\u0627\u0645 \u0648 \u0627\u0644\u0627\u0637\u0641\u0627\u0644<br \/>Antig\u00e9nique et ultra doux <\/p>\n","protected":false},"featured_media":8345,"comment_status":"open","ping_status":"closed","template":"","meta":{"om_disable_all_campaigns":false,"_monsterinsights_skip_tracking":false,"_monsterinsights_sitenote_active":false,"_monsterinsights_sitenote_note":"","_monsterinsights_sitenote_category":0,"_uf_show_specific_survey":0,"_uf_disable_surveys":false},"product_cat":[17],"product_tag":[],"class_list":{"0":"post-8404","1":"product","2":"type-product","3":"status-publish","4":"has-post-thumbnail","6":"product_cat-non-classe","8":"first","9":"instock","10":"featured","11":"shipping-taxable","12":"product-type-simple"},"_links":{"self":[{"href":"https:\/\/pacolab-dz.com\/index.php?rest_route=\/wp\/v2\/product\/8404","targetHints":{"allow":["GET"]}}],"collection":[{"href":"https:\/\/pacolab-dz.com\/index.php?rest_route=\/wp\/v2\/product"}],"about":[{"href":"https:\/\/pacolab-dz.com\/index.php?rest_route=\/wp\/v2\/types\/product"}],"replies":[{"embeddable":true,"href":"https:\/\/pacolab-dz.com\/index.php?rest_route=%2Fwp%2Fv2%2Fcomments&post=8404"}],"version-history":[{"count":0,"href":"https:\/\/pacolab-dz.com\/index.php?rest_route=\/wp\/v2\/product\/8404\/revisions"}],"wp:featuredmedia":[{"embeddable":true,"href":"https:\/\/pacolab-dz.com\/index.php?rest_route=\/wp\/v2\/media\/8345"}],"wp:attachment":[{"href":"https:\/\/pacolab-dz.com\/index.php?rest_route=%2Fwp%2Fv2%2Fmedia&parent=8404"}],"wp:term":[{"taxonomy":"product_cat","embeddable":true,"href":"https:\/\/pacolab-dz.com\/index.php?rest_route=%2Fwp%2Fv2%2Fproduct_cat&post=8404"},{"taxonomy":"product_tag","embeddable":true,"href":"https:\/\/pacolab-dz.com\/index.php?rest_route=%2Fwp%2Fv2%2Fproduct_tag&post=8404"}],"curies":[{"name":"wp","href":"https:\/\/api.w.org\/{rel}","templated":true}]}}