{"id":11106,"date":"2024-12-25T12:00:00","date_gmt":"2024-12-25T11:00:00","guid":{"rendered":"https:\/\/pacolab-dz.com\/?post_type=product&#038;p=11106"},"modified":"2024-12-24T18:18:28","modified_gmt":"2024-12-24T17:18:28","slug":"omrone-matelas-a-pression-alternee","status":"publish","type":"product","link":"https:\/\/pacolab-dz.com\/?product=omrone-matelas-a-pression-alternee","title":{"rendered":"OMRONE Matelas \u00e0 pression altern\u00e9e"},"content":{"rendered":"","protected":false},"excerpt":{"rendered":"<p>OMRONE Matelas \u00e0 pression altern\u00e9e<\/p>\n","protected":false},"featured_media":11107,"comment_status":"open","ping_status":"closed","template":"","meta":{"om_disable_all_campaigns":false,"_monsterinsights_skip_tracking":false,"_monsterinsights_sitenote_active":false,"_monsterinsights_sitenote_note":"","_monsterinsights_sitenote_category":0,"_uf_show_specific_survey":0,"_uf_disable_surveys":false},"product_cat":[96],"product_tag":[],"class_list":{"0":"post-11106","1":"product","2":"type-product","3":"status-publish","4":"has-post-thumbnail","6":"product_cat-parapharm","8":"first","9":"instock","10":"shipping-taxable","11":"product-type-simple"},"_links":{"self":[{"href":"https:\/\/pacolab-dz.com\/index.php?rest_route=\/wp\/v2\/product\/11106","targetHints":{"allow":["GET"]}}],"collection":[{"href":"https:\/\/pacolab-dz.com\/index.php?rest_route=\/wp\/v2\/product"}],"about":[{"href":"https:\/\/pacolab-dz.com\/index.php?rest_route=\/wp\/v2\/types\/product"}],"replies":[{"embeddable":true,"href":"https:\/\/pacolab-dz.com\/index.php?rest_route=%2Fwp%2Fv2%2Fcomments&post=11106"}],"version-history":[{"count":1,"href":"https:\/\/pacolab-dz.com\/index.php?rest_route=\/wp\/v2\/product\/11106\/revisions"}],"predecessor-version":[{"id":11108,"href":"https:\/\/pacolab-dz.com\/index.php?rest_route=\/wp\/v2\/product\/11106\/revisions\/11108"}],"wp:featuredmedia":[{"embeddable":true,"href":"https:\/\/pacolab-dz.com\/index.php?rest_route=\/wp\/v2\/media\/11107"}],"wp:attachment":[{"href":"https:\/\/pacolab-dz.com\/index.php?rest_route=%2Fwp%2Fv2%2Fmedia&parent=11106"}],"wp:term":[{"taxonomy":"product_cat","embeddable":true,"href":"https:\/\/pacolab-dz.com\/index.php?rest_route=%2Fwp%2Fv2%2Fproduct_cat&post=11106"},{"taxonomy":"product_tag","embeddable":true,"href":"https:\/\/pacolab-dz.com\/index.php?rest_route=%2Fwp%2Fv2%2Fproduct_tag&post=11106"}],"curies":[{"name":"wp","href":"https:\/\/api.w.org\/{rel}","templated":true}]}}