{"id":11030,"date":"2024-11-28T18:36:24","date_gmt":"2024-11-28T17:36:24","guid":{"rendered":"https:\/\/pacolab-dz.com\/?post_type=product&#038;p=11030"},"modified":"2024-11-28T18:38:37","modified_gmt":"2024-11-28T17:38:37","slug":"gamme-nivea-cremes-plusieurs-utilites-plusieurs-modeles","status":"publish","type":"product","link":"https:\/\/pacolab-dz.com\/?product=gamme-nivea-cremes-plusieurs-utilites-plusieurs-modeles","title":{"rendered":"Gamme NIVEA Cr\u00e9mes Plusieurs Utilit\u00e9s plusieurs mod\u00e9les"},"content":{"rendered":"","protected":false},"excerpt":{"rendered":"<p><strong>Gamme NIVEA Cr\u00e9mes Plusieurs Utilit\u00e9s<\/strong><\/p>\n","protected":false},"featured_media":11031,"comment_status":"open","ping_status":"closed","template":"","meta":{"om_disable_all_campaigns":false,"_monsterinsights_skip_tracking":false,"_monsterinsights_sitenote_active":false,"_monsterinsights_sitenote_note":"","_monsterinsights_sitenote_category":0,"_uf_show_specific_survey":0,"_uf_disable_surveys":false},"product_cat":[96],"product_tag":[],"class_list":{"0":"post-11030","1":"product","2":"type-product","3":"status-publish","4":"has-post-thumbnail","6":"product_cat-parapharm","8":"first","9":"instock","10":"shipping-taxable","11":"product-type-simple"},"_links":{"self":[{"href":"https:\/\/pacolab-dz.com\/index.php?rest_route=\/wp\/v2\/product\/11030","targetHints":{"allow":["GET"]}}],"collection":[{"href":"https:\/\/pacolab-dz.com\/index.php?rest_route=\/wp\/v2\/product"}],"about":[{"href":"https:\/\/pacolab-dz.com\/index.php?rest_route=\/wp\/v2\/types\/product"}],"replies":[{"embeddable":true,"href":"https:\/\/pacolab-dz.com\/index.php?rest_route=%2Fwp%2Fv2%2Fcomments&post=11030"}],"version-history":[{"count":1,"href":"https:\/\/pacolab-dz.com\/index.php?rest_route=\/wp\/v2\/product\/11030\/revisions"}],"predecessor-version":[{"id":11033,"href":"https:\/\/pacolab-dz.com\/index.php?rest_route=\/wp\/v2\/product\/11030\/revisions\/11033"}],"wp:featuredmedia":[{"embeddable":true,"href":"https:\/\/pacolab-dz.com\/index.php?rest_route=\/wp\/v2\/media\/11031"}],"wp:attachment":[{"href":"https:\/\/pacolab-dz.com\/index.php?rest_route=%2Fwp%2Fv2%2Fmedia&parent=11030"}],"wp:term":[{"taxonomy":"product_cat","embeddable":true,"href":"https:\/\/pacolab-dz.com\/index.php?rest_route=%2Fwp%2Fv2%2Fproduct_cat&post=11030"},{"taxonomy":"product_tag","embeddable":true,"href":"https:\/\/pacolab-dz.com\/index.php?rest_route=%2Fwp%2Fv2%2Fproduct_tag&post=11030"}],"curies":[{"name":"wp","href":"https:\/\/api.w.org\/{rel}","templated":true}]}}